
23
What is the greatest common divisor of 27 and 7389?
9
What is the greatest common factor of 15 and 158940?
15
What is the greatest common factor of 5968 and 16?
16
Calculate the greatest common divisor of 153 and 7871.
17
Calculate the greatest common factor of 12070 and 170.
170
Calculate the highest common divisor of 20 and 590.
10
What is the greatest common divisor of 13 and 6773?
13
Calculate the highest common divisor of 135 and 10.
5
Calculate the greatest common factor of 440 and 184.
8
Calculate the greatest common divisor of 3750 and 30.
30
Calculate the greatest common divisor of 15 and 925.
5
Calculate the greatest common divisor of 4304 and 48.
16
Calculate the highest common divisor of 13 and 767.
13
Calculate the highest common divisor of 5 and 275.
5
Calculate the highest common factor of 4984 and 28.
28
What is the highest common factor of 8360 and 304?
152
What is the greatest common divisor of 45 and 2313?
9
Calculate the highest common divisor of 253 and 322.
23
Calculate the greatest common divisor of 3 and 1.
1
Calculate the greatest common divisor of 672 and 21.
21
What is the highest common factor of 4 and 6884?
4
What is the highest common factor of 830 and 140?
10
Calculate the highest common factor of 747 and 198.
9
What is the greatest common factor of 253 and 121?
11
What is the greatest common factor of 116 and 203?
29
Calculate the highest common divisor of 858 and 26.
26
What is the highest common factor of 249 and 3071?
83
What is the highest common factor of 62 and 31?
31
Calculate the highest common factor of 105814 and 191.
191
What is the highest common factor of 23 and 391?
23
Calculate the greatest common factor of 15 and 3235.
5
What is the greatest common divisor of 3819 and 228?
57
What is the highest common divisor of 23 and 23?
23
What is the greatest common divisor of 22 and 418?
22
What is the greatest common divisor of 11458 and 187?
17
Calculate the highest common divisor of 12 and 3042.
6
Calculate the highest common factor of 204 and 4131.
51
Calculate the highest common divisor of 134 and 5896.
134
What is the highest common divisor of 867 and 9248?
289
What is the greatest common divisor of 30 and 765?
15
What is the greatest common divisor of 976 and 2684?
244
Calculate the highest common divisor of 2590 and 37.
37
Calculate the highest common divisor of 81 and 9.
9
Calculate the greatest common factor of 2873 and 507.
169
Calculate the greatest common divisor of 40 and 140.
20
Calculate the highest common divisor of 915 and 15.
15
What is the highest common divisor of 264 and 616?
88
Calculate the highest common divisor of 365 and 5.
5
Calculate the highest common divisor of 7448 and 665.
133
What is the greatest common factor of 50 and 30?
10
What is the greatest common divisor of 48 and 26844?
12
Calculate the highest common factor of 3175 and 75.
25
Calculate the greatest common factor of 9 and 15.
3
Calculate the greatest common factor of 415 and 332.
83
What is the highest common divisor of 171 and 399?
57
What is the highest common factor of 112 and 16?
16
Calculate the highest common divisor of 513 and 228.
57
What is the highest common factor of 85 and 119?
17
What is the greatest common factor of 1494 and 18?
18
Calculate the highest common factor of 2508 and 121.
11
Calculate the greatest common divisor of 6004 and 19.
19
Calculate the greatest common divisor of 176 and 66.
22
What is the greatest common divisor of 9762 and 12?
6
What is the greatest common divisor of 230 and 35995?
115
What is the greatest common factor of 76 and 4?
4
Calculate the greatest common divisor of 14 and 154.
14
What is the highest common factor of 112 and 140?
28
What is the highest common divisor of 132 and 47454?
66
What is the highest common factor of 1494 and 198?
18
Calculate the greatest common divisor of 1225 and 25.
25
What is the highest common factor of 140 and 270?
10
Calculate the highest common divisor of 2232 and 96.
24
Calculate the greatest common factor of 34 and 986.
34
What is the greatest common divisor of 68 and 9809?
17
What is the highest common factor of 253 and 33?
11
What is the highest common divisor of 84 and 105?
21
Calculate the greatest common divisor of 7425 and 99.
99
Calculate the greatest common factor of 8 and 344.
8
Calculate the highest common factor of 1564 and 204.
68
What is the greatest common divisor of 357 and 28?
7
What is the highest common factor of 44 and 3168?
44
What is the greatest common factor of 44 and 28?
4
Calculate the highest common divisor of 10 and 8.
2
What is the greatest common factor of 270 and 80?
10
Calculate the highest common divisor of 174 and 609.
87
Calculate the greatest common divisor of 15 and 240.
15
What is the highest common factor of 40 and 2120?
40
What is the greatest common factor of 289 and 34?
17
What is the greatest common factor of 74 and 11026?
74
What is the greatest common divisor of 19186 and 212?
106
What is the highest common divisor of 384 and 128?
128
Calculate the greatest common divisor of 440 and 330.
110
What is the highest common factor of 161 and 23?
23
Calculate the highest common divisor of 2310 and 2730.
210
What is the greatest common divisor of 27 and 10557?
27
What is the greatest common divisor of 3573 and 54?
9
What is the highest common divisor of 96 and 1560?
24
What is the highest common divisor of 1216 and 64?
64
What is the greatest common divisor of 26819 and 13?
13
Calculate the highest common factor of 108 and 21492.
108
What is the highest common divisor of 40 and 5080?
40
What is the greatest common factor of 189 and 108?
27
Calculate the greatest common factor of 15841 and 155.
31
What is the greatest common factor of 58 and 377?
29
Calculate the greatest common factor of 18 and 2688.
6
Calculate the highest common factor of 615 and 465.
15
Calculate the greatest common divisor of 6 and 10920.
6
What is the highest common factor of 1470 and 28?
14
Calculate the greatest common divisor of 58 and 35322.
58
What is the greatest common divisor of 611 and 78?
13
Calculate the greatest common factor of 4632 and 48.
24
What is the greatest common factor of 80 and 1136?
16
What is the highest common divisor of 38 and 11514?
38
What is the greatest common divisor of 55 and 1595?
55
What is the highest common divisor of 69 and 851?
23
Calculate the greatest common divisor of 1379 and 98.
7
Calculate the greatest common factor of 8968 and 760.
152
What is the highest common factor of 5181 and 99?
33
What is the greatest common divisor of 82 and 82?
82
Calculate the highest common factor of 940 and 20.
20
Calculate the greatest common factor of 3297 and 231.
21
Calculate the highest common divisor of 78 and 1534.
26
Calculate the highest common divisor of 21 and 228.
3
Calculate the highest common factor of 14 and 322.
14
Calculate the greatest common factor of 14964 and 870.
174
What is the greatest common divisor of 644 and 12075?
161
Calculate the highest common factor of 305 and 5.
5
What is the highest common divisor of 7696 and 2664?
296
What is the highest common divisor of 27 and 315?
9
Calculate the greatest common divisor of 460 and 1130.
10
Calculate the highest common divisor of 3043 and 358.
179
What is the greatest common factor of 18 and 18?
18
What is the greatest common factor of 64 and 1?
1
What is the greatest common divisor of 154 and 286?
22
What is the greatest common divisor of 845 and 169?
169
Calculate the highest common divisor of 189 and 532.
7
What is the greatest common factor of 357 and 84?
21
What is the greatest common factor of 29618 and 1255?
251
Calculate the highest common divisor of 210 and 210.
210
What is the highest common factor of 6 and 6?
6
Calculate the highest common divisor of 950 and 38.
38
What is the highest common factor of 64 and 980?
4
What is the highest common divisor of 448 and 14?
14
Calculate the highest common factor of 128 and 8.
8
Calculate the highest common divisor of 34 and 32.
2
Calculate the highest common factor of 6407 and 516.
43
What is the highest common divisor of 884 and 102?
34
Calculate the highest common divisor of 21 and 5691.
21
What is the highest common divisor of 48 and 2064?
48
What is the greatest common fac